s i(x)?
3
Let m(u) = 3*u**2 + 3*u + 1. Let v = 1 - -6. Let b(j) = -10*j**2 - 9*j - 3. Let q(c) = v*m(c) + 2*b(c). Let x be -3*(1 + 0/3). Give q(x).
1
Let b(f) = 23*f + 7. Let y(r) = 8*r + 2. Let w(z) = 4*b(z) - 14*y(z). Calculate w(-1).
20
Let r(v) = 5 - 3 - v**3 + 1 - v**2 + 8*v**2 + 3*v. Let k(d) = d**3 - 7*d**2 - 4*d - 4. Let c = -12 + 19. Let n(j) = c*r(j) + 6*k(j). Give n(6).
15
Suppose 114 = 10*n + 9*n. Let b(y) = 2*y - 4 - 2 - 1. Calculate b(n).
5
Let b(y) = y + 9. Let j(d) = -d**3 + 8*d**2 - 4*d - 13. Let h be j(7). Give b(h).
17
Let v(m) be the first derivative of -m**2/2 + 4*m - 328. Let c = 23 + -14. Determine v(c).
-5
Suppose 0*j = -j - 4. Let w(k) be the second derivative of -k**5/20 - 5*k**4/12 - 5*k**3/6 + 2*k**2 - 2*k + 192. Give w(j).
8
Let m(x) = 2*x - 7. Let n be (-2 + 3 - 0) + 7 + 4. Let f be (2 + 3)/(10/n). Determine m(f).
5
Let l(n) = -n + 11. Let h(d) = 2*d**3 - 45*d**2 - 20*d - 62. Let k be h(23). Determine l(k).
4
Let b(l) = l**2 - 4*l - 6. Let g be b(6). Suppose -g*x + 3*x = -6. Let m(t) = -t**2 + t + 1. What is m(x)?
-1
Let n(g) be the second derivative of g**4/12 + 2*g**3/3 - g**2 + 98*g. Give n(-3).
-5
Let u(n) = -2*n + 5. Let j(z) = 6*z - 16. Let s(q) = -q**3 - 5*q**2 + 2*q + 5. Let w be s(-4). Let c = w - -9. Let a(y) = c*u(y) - 3*j(y). Calculate a(-2).
-6
Let o = 5 - 2. Let w = -42 - -44. Let y(q) = -q**3 + 52 + 3*q**2 - 51 + w*q**2 + 3*q - 6*q. Determine y(o).
10
Let r(u) = 7*u**2 + 13*u - 2. Let i(f) = 19*f**2 + 38*f - 6. Let x(t) = -4*i(t) + 11*r(t). Give x(9).
2
Let u = 23 + -16. Let z(w) = -u*w - 7*w + 14*w - 2*w. Calculate z(-3).
6
Suppose -1 - 3 = -z + 3*r, 0 = 3*z - 5*r + 4. Let p(g) = -g**3 - 8*g**2 + 7. Give p(z).
7
Let s(c) = c - 7. Let k be s(9). Let n(d) = -4 - d - k - 2*d. Suppose 0 = 2*q + i + 5, -5*q - 11 = 2*i + i. Calculate n(q).
6
Let l be (-43 + 45)/(-1*(1 - 3)). Let d(j) = 8*j**2 - j - 1. What is d(l)?
6
Let y(m) = -14*m - 1. Let b be (-1 - 0) + (2 - (-2 + 2)). Determine y(b).
-15
Let r(h) = 5*h. Let w be r(1). Let p(z) = -11 + w + z + z. Suppose -k - 2*t + 3 = 0, -2*t - 5 = -4*k + 17. Calculate p(k).
4
Let z(j) = -j + 11. Let f(p) = p**2 - 3*p + 3. Let s(m) = -2*m**2 + 6*m - 5. Let o(k) = 5*f(k) + 3*s(k). Let t be o(3). Determine z(t).
11
Let r(g) = -4*g**2 + 20*g + 21. Let i(d) = d**2 - d + 1. Let t(c) = 3*i(c) + r(c). Let h be t(18). Let v(s) = -2*s + 9. Determine v(h).
-3
Let g(v) = -17*v**3 + v**2 - v. Let q be (-1)/(5 + -3 + 1 + -4). Give g(q).
-17
Suppose 7*r + 32 = 4*r + 5*s, -3*s - 4 = 4*r. Let a be (-8)/r + -1 - -1. Let d(z) = -2*z**3 + 2*z**2 - 2*z. Give d(a).
-12
Let m(h) = h**2 + 6*h - 1. Let w(a) = -2*a**2 - 10*a + 3. Let v(i) = 5*m(i) + 3*w(i). Suppose 5*k = 2*u + 2, 4*u = -4*k + 1 - 5. Determine v(k).
4
Let t(f) = 11*f**3 + f**2 - f + 1. Suppose -27 = -46*i + 19. Give t(i).
12
Let c(n) be the first derivative of -2*n**3/3 - 5*n**2 - n + 95. Give c(-4).
7
Suppose 0 = 3*v + 3 + 15. Let d(c) = c**2 + 7*c - 3. What is d(v)?
-9
Let w(i) be the first derivative of -i**3/3 - 3*i**2/2 + 79*i + 118. Calculate w(8).
-9
Let s(t) = 4*t - 174. Let u be s(42). Let m(g) = -3*g**2 - 8*g. Let b(l) = l**2 + l. Let j(c) = 2*b(c) + m(c). What is j(u)?
0
Let w(k) = -31*k. Suppose 4*v = -3*g - v + 26, -v = 3*g - 10. Determine w(g).
-62
Let t(o) = 3*o**2 - 3*o. Let v be -1 - (1 - 0/2). Let a(i) = -i**2 - i. Let b be (2/(-6))/(1/3). Let w(r) = b*t(r) + v*a(r). Determine w(6).
-6
Let s(z) = 8*z + 0*z**2 - 5 + 12 - 5*z**2 + 0*z - z**3. Let f = 15 + -21. What is s(f)?
-5
Let w(u) = u**2 + 14*u - 11. Suppose 0 = -80*z - 2*z - 902. Determine w(z).
-44
Let l(z) be the third derivative of -z**6/120 + z**5/60 + z**4/12 + 3*z**3/2 + 10*z**2 + 17. Give l(4).
-31
Suppose 2*p = 6, 11*w - 6*w = p + 32. Let s(q) = q**3 - 6*q**2 - 9*q + 8. What is s(w)?
-6
Let b(u) = 15*u**3 + 24*u + 8 - 32*u - 14*u**3 + 6*u**2. What is b(-7)?
15
Suppose 0 = 5*w - 15, 2*v + 3 = -2*v + 5*w. Let g(x) = -2 + 4*x**3 - 3*x**v + x + x**2 + 2*x**2. Let c be ((-5)/(-2))/((-50)/40). Determine g(c).
0
Suppose 5*m + 26 - 1 = 0. Let s(i) = -5*i**2 + i - 1. Let a(f) = -4*f**2 + f - 1. Let t(c) = m*s(c) + 6*a(c). Determine t(1).
1
Let r(g) = -3*g**2 + 8*g + 1. Let b(o) = o**2 - 1. Let x = -56 + 57. Let w(q) = x*r(q) + 4*b(q). Give w(-8).
-3
Suppose 3*y - 2 = 4*y. Let f(j) = -14*j + 14*j - j. Determine f(y).
2
Let k = -1715 + 1704. Let o(d) = -d**3 - 10*d**2 + 8*d + 1. Give o(k).
34
Let n = 12 + 9. Let b be 2/(-6) + 7/n. Let y(l) = 2*l + 0*l + b + 1 + 2. Give y(-4).
-5
Let f = 12 + -6. Let p(i) be the third derivative of -2/3*i**3 + 6*i**2 - 1/60*i**5 + 1/3*i**4 + 0 + 0*i. Give p(f).
8
Let x(d) = d**3 - 7*d**2 + 7*d. Let l(m) be the second derivative of -m**4/12 - m**3/2 - m**2 - m. Let v be l(-5). Let k be 4*9/v*-2. Calculate x(k).
6
Suppose -4*w + 2*s = -26, w + 3*w - 20 = -4*s. Let l(m) = -m**3 + 7*m**2 - 6*m + 7. Calculate l(w).
7
Let f(a) be the second derivative of -a**3/3 - 3*a**2/2 + 3*a - 7. What is f(-4)?
5
Let t be (-3)/((-18)/(-4))*-6. Suppose -t = 2*k - 4*k. Let p(m) = -4*m - 7 + 5*m + 2*m + m**k. What is p(-5)?
3
Let y = 14 + -9. Let r(v) = 5 - 2 + v**2 - 1 + 3*v - y. Give r(-3).
-3
Suppose 61*z - 65*z = 104. Let n = 31 + z. Let y(v) = -v**2 + 6*v + 2. Determine y(n).
7
Let u(z) = -z**2 - 16*z - 2. Let l(b) = -4*b**2 - 56*b - 6. Let p(d) = -2*l(d) + 7*u(d). Calculate p(-6).
34
Let o(t) = -t + 1. Let f(y) = -8*y - 2. Let i(b) = f(b) - 6*o(b). Let w = -28 + 33. Let n(k) = k**2 - 8*k + 8. Let u be n(w). Calculate i(u).
6
Let h = 23 - 32. Let k(v) = 3*v**2 + 10*v - 7. Let n(x) = -4*x**2 - 11*x + 6. Let y(j) = -3*k(j) - 2*n(j). Calculate y(h).
0
Let z(q) = q**2 + 9*q + 5. Let a be z(-4). Let g = a - -10. Let n(y) = -y**2 - 7 + y - 3*y - 4*y. Give n(g).
-2
Let m(k) = -9*k**2 + 14*k - 11. Let v(a) = 5*a**2 - 7*a + 6. Let i(p) = -4*m(p) - 7*v(p). Let c = -772 + 777. Determine i(c).
-8
Let p(h) = -h**2 + 5*h + 9. Let d(i) = i**2 - 3*i - 3. Let s be d(5). Calculate p(s).
-5
Let m(x) = 7*x**3 - 2*x**2 + 1. Suppose 2*o = -33*t + 35*t, 2*t - 4 = -2*o. What is m(t)?
6
Let g(w) be the second derivative of -w**4/12 - w**3 - w**2/2 - 126*w. What is g(-3)?
8
Let v(c) = -c - 4. Let y be (0 + 20)*(-2)/4. Let a = -5 - y. Give v(a).
-9
Let h(v) = v**2 + 6*v + 2. Let p be h(-5). Let o(m) be the second derivative of m**4/6 + m**3/6 - 2*m**2 + 53*m - 1. Calculate o(p).
11
Let z(s) be the first derivative of -s**3/3 + 11*s**2/2 + 10*s - 199. Suppose 0 = -2*j + 4 + 20. Determine z(j).
-2
Let t = -1043 + 1032. Let r(d) = -d**2 - 14*d - 22. What is r(t)?
11
Suppose -2*n = -n - 5*r + 7, -5*r + 4 = -2*n. Let i(t) = 5*t**2 + 0*t**n - t**3 + 2 + 6*t + 3. Let o be (2/(-4))/((-2)/24). Calculate i(o).
5
Let u = 338 - 335. Let z(l) = l**2 - 5*l. Give z(u).
-6
Let s(q) = -q**3 + 4*q**2 - 2*q - 3. Let g = -7 + 21. Let j = -32 + 42. Suppose -g*i + 12 = -j*i. What is s(i)?
0
Suppose -2*k = -h + 4, 3*k = -3*h + 2 + 1. Suppose -2*b - 4 = 4*z, z - 1 = -3*b - h. Let i(s) = -14*s**2 - s - 1. What is i(z)?
-14
Let d(y) = y**3 - 4*y**2 - 6*y + 1. Let w be 3/(-2 - 44/(-16)). Suppose -3*v = -3*x - 9, -w*v + 14 = -2*x - x. Let g = 7 - x. Calculate d(g).
-4
Let m(d) = d + 1. Let i(j) = j + 1. Let p(q) = -3*i(q) + m(q). Determine p(4).
-10
Let u(g) be the third derivative of -g**5/10 - g**3/6 + 155*g**2. Let n be (-2 - (1 - 2)) + 2. What is u(n)?
-7
Suppose 2*x - 4*p + 9 = -x, 2*p - 11 = -5*x. Let h(q) = -1 - 20*q**2 + 4*q - 6*q + 21*q**2 + q. What is h(x)?
-1
Let g(x) = -x + 4. Let c be 16/(-6)*(-87)/58. Determine g(c).
0
Let w(r) = -r + 4. Let x be w(0). Let c(h) = -h**2 + 4*h - 7. Let p(i) = -i**2 + 4*i - 9. Let g be 9/2 - (-1)/(-2). Let n(k) = g*c(k) - 3*p(k). What is n(x)?
-1
Let m(x) = 3*x**3 - 19*x**2 - 3*x - 11. Let l(w) = -4*w**3 + 21*w**2 + 4*w + 11. Let h(j) = -4*l(j) - 5*m(j). Determine h(-11).
22
Let q(p) be the third derivative of p**4/24 - 13*p**3/6 + 116*p**2. Give q(19).
6
Let u(j) be the first derivative of 5/2*j**2 - 1/4*j**4 + j**3 - 8 - 3*j. Give u(4).
1
Suppose 3*d - 6 = d. Let j(m) = -3*m**2 - 6. Let q(u) = -4*u**2 - u - 7. Let z(h) = 3*j(h) - 2*q(h). Give z(d).
-7
Let a = 24 - 15. Suppose 1 = -5*t + 4*u, 0 = -3*t - 3*u + a + 12. Let x(h) = 6*h + h - t*h - 2*h. What is x(-1)?
-2
Suppose -224 = 3*y + 4*d + 8, 0 = y - 2*d + 84. Let s be ((-64)/y)/((-2)/10). 